6, what is -3 + -bd345?
-bd348
In base 3, what is 2 - 1111020?
-1111011
In base 4, what is 213211 + 30121?
303332
In base 9, what is 3 + -8717?
-8714
In base 16, what is 6a - 1ac?
-142
In base 16, what is 86ca - -1?
86cb
In base 10, what is -3854 + -3?
-3857
In base 12, what is -196 - 11?
-1a7
In base 16, what is 2d - 232b?
-22fe
In base 9, what is 40 + 2216?
2256
In base 5, what is 0 - 22431113?
-22431113
In base 12, what is -5 + -454b?
-4554
In base 16, what is 5 - -15a29?
15a2e
In base 9, what is -48534 + 12?
-48522
In base 5, what is 4123114244 - -2?
4123114301
In base 14, what is -4abc3b - -1?
-4abc3a
In base 10, what is 12057 + -6?
12051
In base 14, what is -55294 - 2?
-55296
In base 14, what is -1b + a61?
a44
In base 11, what is 18862 - 131?
18731
In base 5, what is -30 - 233103?
-233133
In base 7, what is 22405 - -50?
22455
In base 2, what is 101 + -111001010110?
-111001010001
In base 12, what is -103839 + -3?
-103840
In base 11, what is -10 - -7a13?
7a03
In base 5, what is 214324 - 2?
214322
In base 15, what is 58 + -c1?
-68
In base 9, what is -4 + -21670?
-21674
In base 8, what is -14 + 21367?
21353
In base 4, what is 11 - 1203112?
-1203101
In base 11, what is -315239 - 3?
-315241
In base 13, what is -4 - -31757?
31753
In base 10, what is 1 - 5709?
-5708
In base 6, what is -503 + -3?
-510
In base 7, what is -345425 - 5?
-345433
In base 7, what is 10 + -120313?
-120303
In base 12, what is 0 - 25b4?
-25b4
In base 8, what is 7 + 74526?
74535
In base 4, what is 22101000 + 1?
22101001
In base 15, what is -1dcc3 + 3?
-1dcc0
In base 16, what is d8 - -a3f?
b17
In base 5, what is -1230 + 131?
-1044
In base 8, what is -4 + 11417?
11413
In base 3, what is -2122 + 220?
-1202
In base 2, what is -10001010011010001 + -1?
-10001010011010010
In base 14, what is -5b4a3 - -4?
-5b49d
In base 15, what is 8 - -2417?
2420
In base 3, what is 0 - -221021100?
221021100
In base 15, what is -21 + -ea?
-11b
In base 15, what is 1 + -6221?
-6220
In base 2, what is -11110000111001010 + -100?
-11110000111001110
In base 3, what is 12221 - -20120001?
20202222
In base 5, what is -10 - 223000?
-223010
In base 8, what is -2 + 26450?
26446
In base 6, what is 402120 - 21?
402055
In base 13, what is 4589c - -2?
458a1
In base 11, what is -294 + -4121?
-4405
In base 15, what is 2e - 8cd?
-89e
In base 3, what is -21111112100122 - 12?
-21111112100211
In base 10, what is -459 - 9396?
-9855
In base 3, what is -100012122 + 1110?
-100011012
In base 15, what is -85a - -c4?
-786
In base 16, what is -118 + 6e?
-aa
In base 2, what is -11 + 1000000110110?
1000000110011
In base 3, what is 2020 - 10221?
-1201
In base 10, what is 12042 - -12?
12054
In base 6, what is -113 + 2024?
1511
In base 15, what is 3b - -1225?
1261
In base 15, what is 14c99 - -8?
14ca2
In base 10, what is 2366 - -7?
2373
In base 14, what is -1 + 96ddc?
96ddb
In base 16, what is 13d5a + 19?
13d73
In base 12, what is 4 + 23a906?
23a90a
In base 10, what is -260343 + 2?
-260341
In base 5, what is 111444123 + -1?
111444122
In base 15, what is -74 - 495?
-519
In base 16, what is 95 + 117a?
120f
In base 4, what is -1023010031 - 0?
-1023010031
In base 3, what is -1020200 + -221112?
-2012012
In base 11, what is 117 - -137a?
1496
In base 14, what is -5 + 1106a0?
110699
In base 10, what is 2587 - 265?
2322
In base 9, what is 2 - -66688?
66701
In base 2, what is -111101011101010011 - 10?
-111101011101010101
In base 11, what is 90 + -97?
-7
In base 7, what is 35155 + -2?
35153
In base 9, what is 1 - -514641?
514642
In base 8, what is 4 + -523542?
-523536
In base 3, what is -1001120200 - -2?
-1001120121
In base 11, what is -3 + 1a87a?
1a877
In base 15, what is -55d + 1a?
-543
In base 9, what is 16 - 16188?
-16172
In base 4, what is -3301 + -22?
-3323
In base 2, what is -11100 + -1001001101?
-1001101001
In base 10, what is 1 - -227789?
227790
In base 2, what is 100 - 1101010011100011?
-1101010011011111
In base 7, what is 1 + -121434?
-121433
In base 8, what is -11 - 202407?
-202420
In base 4, what is -102 + -111021010?
-111021112
In base 4, what is 121020 - -131?
121211
In base 2, what is 1011000000111011 - 101110?
1011000000001101
In base 2, what is -101010011110000 - 101?
-101010011110101
In base 7, what is 3035544 + -5?
3035536
In base 6, what is 104413 - -135?
104552
In base 3, what is -122211021 + -1012?
-122212110
In base 14, what is -22a + -66c?
-898
In base 10, what is 196 + -1388?
-1192
In base 8, what is -44 - 14057?
-14123
In base 7, what is -235 - 4236?
-4504
In base 4, what is 10 + -10021232?
-10021222
In base 6, what is -2342 - -14?
-2324
In base 15, what is 0 - 219e?
-219e
In base 12, what is 6 - 843a6?
-843a0
In base 12, what is -1 - -8a?
89
In base 12, what is -124 + 36a?
246
In base 6, what is 1142 - 2522?
-1340
In base 12, what is 2b + -4064?
-4035
In base 14, what is -4a47 - -28?
-4a1d
In base 12, what is -aa102 - 1?
-aa103
In base 4, what is -300200202 - 21?
-300200223
In base 11, what is 264 - 2948?
-2694
In base 8, what is -2 - -34120?
34116
In base 7, what is 50 - -4216?
4266
In base 2, what is -101 + -101000010?
-101000111
In base 9, what is -1125 - -58?
-1056
In base 12, what is 13ba + -a2?
1318
In base 13, what is -4 + -12285?
-12289
In base 2, what is 10001110011 - -11100?
10010001111
In base 10, what is -2372 - -14?
-2358
In base 14, what is -34 - -503?
4ad
In base 13, what is -1 + 703a?
7039
In base 14, what is -1 + 3d1a?
3d19
In base 13, what is 5cc7 + 5?
5ccc
In base 14, what is -2820 - -b?
-2813
In base 9, what is 77 - -430?
517
In base 12, what is -219 - 43a6?
-4603
In base 11, what is a + -76?
-67
In base 16, what is 552 + 10?
562
In base 5, what is -2 + -40020410?
-40020412
In base 13, what is -65 - -c2a?
b95
In base 2, what is 1011100010101 + 0?
1011100010101
In base 13, what is 1 - 2336?
-2335
In base 4, what is -3201120 - 2?
-3201122
In base 14, what is -6c + 2210?
2182
In base 2, what is -110011100111 - -100000?
-110011000111
In base 6, what is -3403 + -2?
-3405
In base 7, what is 122 + -1145?
-1023
In base 7, what is 41162 - -122?
41314
In base 4, what is 1312023 + 10?
1312033
In base 10, what is 25857 - 5?
25852
In base 8, what is 447274 - 1?
447273
In base 7, what is 13506 - -12?
13521
In base 14, what is -35 - -7bb?
786
In base 15, what is be + 160c?
16cb
In base 13, what is -600c + -45?
-6054
In base 6, what is -1030142 - -4?
-1030134
In base 2, what is -10 - 100001101011011111011?
-100001101011011111101
In base 10, what is -595 - -2287?
1692
In base 16, what is 1cee + 24?
1d12
In base 8, what is 2442 - -74?
2536
In base 4, what is 2033312110 - -10?
2033312120
In base 5, what is -412 + 441?
24
In base 9, what is 5 + 2130?
2135
In base 14, what is 7 + -3203?
-31da
In base 14, what is -647 + -c78?
-14c1
In base 10, what is 26751 + -40?
26711
In base 10, what is -2 + -88350?
-88352
In base 3, what is -1011011222202 + 1?
-1011011222201
In base 14, what is -17 - 4a1d5?
-4a20c
In base 4, what is 12 + -2220300?
-2220222
In base 10, what is 7690 + 103?
7793
In base 14, what is -a622 + 1?
-a621
In base 11, what is -809a - 3?
-80a2
In base 7, what is 1542 - -6461?
11333
In base 15, what is 8e - -24cc?
256b
In base 15, what is -240a - d?
-2418
In base 15, what is -ea9 + -104?
-10ad
In base 7, what is -4360 + 61?
-4266
In base 9, what is 33842 + -10?
33832
In base 11, what is 1a9 + 17?
215
In base 14, what is 77 - 84?
-b
In base 11, what is 16 - -3185?
31a0
In base 10, what is -19 - 278754?
-278773
In base 6, what is -4 + -10324142?
-10324150
In base 6, what is -3402011 - 13?
-3402024
In base 8, what is 3 - 621066?
-621063
In base 13, what is -3 - -8148?
8145
In base 11, what is -119a + 6?
-1194
In base 15, what is 3c - 61e6?
-61a9
In base 7, what is 6052 + -6022?
30
In base 8, what is -3562 - -52?
-3510
In base 15, what is 95 + 43?
d8
In base 8, what is 3366102 - -1?
3366103
In base 11, what is 281364 - 3?
281361
In base 11, what is -3 - -12986?
12983
In base 4, what is 2033 - 22?
2011
In base 12, what is 2 - 8118?
-8116
In base 8, what is 4 + -17715?
-17711
In base 15, what is -1 + 1cbc64?
1cbc63
In base 13, what is -22b + -2265?
-2493
In base 12, what is -8 + 29156?
2914a
In base 5, what is -221444 + 2?
-221442
In base 14, what is 24141 + 0?
24141
In base 11, what is 1a98 - -28?
2015
In base